 4 - 17*q + 0*q. Suppose -42*h + 1 = -43*h. List the prime factors of x(h).
2, 3
Suppose 3*h - 8 = 2*d, 0*d - d + 22 = 5*h. Suppose h*g = 7*g. Suppose -3*q + 3*l = -l - 63, -2*q + 5*l + 35 = g. What are the prime factors of q?
5
Let w be 0 + 4/2 - -2. Suppose 8*m - 3*m + w*b = 0, -2*b = 10. Let i = m - -4. What are the prime factors of i?
2
Suppose -30 = i - 3*i. Suppose -2*n = -7*n + i. Suppose 0*o + d - 90 = -n*o, 4*o - 4*d = 104. List the prime factors of o.
29
Suppose 3*f = 5*f + q - 7, 4*f - 26 = 2*q. Suppose h + 3*h = 5*s - 569, -f*h - 331 = -3*s. List the prime factors of s.
3, 13
Let t be -3*3*-5 + -7 + 10. Suppose -3*p + 198 = -t. What are the prime factors of p?
2, 41
Let d = 585 - 342. List the prime factors of d.
3
Let y = 10 - 14. Let l be y/(-14) - 111/21. List the prime factors of 2*-1 - (-31 - l).
2, 3
Let s be 3/(-1)*26/3. Let i = 44 + s. Suppose i = v - 11. What are the prime factors of v?
29
Let v = 42 - 41. List the prime factors of v*(1966/10 - (-4)/10).
197
Let p(j) = j + 8. Let c be p(3). Suppose -88 = -h + c. What are the prime factors of h?
3, 11
Let t(w) be the third derivative of w**6/120 + 7*w**5/60 + 5*w**3/6 + 11*w**2. List the prime factors of t(-5).
5, 11
Let l(h) be the first derivative of 3*h**3 + 25*h**2/2 + 14*h + 2. List the prime factors of l(-6).
2, 47
Suppose -32*a = -30*a - 4. Suppose a*i - 19 = -d, 3*i + 2*d - 8 = 21. What are the prime factors of i?
3
Suppose -6 = c - 38. Let b = -8 + c. Let a = 41 - b. List the prime factors of a.
17
Suppose -5*f + 40 = -4*t - 12, -3*t = 5*f + 39. Let b = 8 + t. List the prime factors of b + 2 - (1 - 29).
5
Let p be 6/9*(-6)/(-8)*6. Suppose -p*k + 414 = -0*k. List the prime factors of k.
2, 3, 23
Let t = -229 - -1500. List the prime factors of t.
31, 41
Let v = 19 - 14. Suppose -7*x = -2*x - v. List the prime factors of x - 0 - (-7 - 1).
3
What are the prime factors of ((-3)/2)/((-12)/(-24))*-599?
3, 599
Let l(y) = -5*y**2 + 2*y + 6*y**2 - 1 - 3. Let a(w) = w**2 + w - 4. Let q(t) = -3*a(t) + 2*l(t). What are the prime factors of q(0)?
2
Let w(n) be the second derivative of n**4/12 + 5*n**3/2 + 25*n**2 - 22*n. List the prime factors of w(-20).
2, 3, 5
Let x = -111 - -736. What are the prime factors of x?
5
Let u(i) = i - 2. Let k be u(-7). Let n = k - -11. Let a = n - -1. What are the prime factors of a?
3
Let j(f) = -f**2 - 12*f + 7. Let n be 33/(-3)*(2 + -1). Let d be j(n). Suppose 0*g - d = -3*g - 2*z, -3*g = -4*z. List the prime factors of g.
2
What are the prime factors of 850/3 + ((-2)/(-3) - 0)?
2, 71
Suppose -8*g + 20 = -4*g. Let q be (-32)/3 - g/15. Let h(d) = -d**2 - 15*d + 6. What are the prime factors of h(q)?
2, 5
Let s(p) = 3*p. Let d be s(10). Suppose -4*m = -d - 34. List the prime factors of m.
2
Let u(x) = -x**3 + 19*x**2 - 3*x + 20. What are the prime factors of u(7)?
587
Suppose 4*q - 126 + 17 = 3*h, -2*h - 81 = -3*q. Suppose -2*g = -3*y + 3*g - 39, -5*y = 5*g + q. List the prime factors of y/(-10)*(-45)/(-6).
2, 3
Let u = 12 + -8. Suppose -381 = -2*b - 5*i, -3*i - i + u = 0. What are the prime factors of b?
2, 47
Suppose -4*n - 516 = -2*o - 1338, -4*o + 611 = 3*n. What are the prime factors of n?
5, 41
What are the prime factors of ((-294)/(-35))/(6/40)?
2, 7
Let p(k) = -14*k**3 + 4*k**2 + 4*k + 26. What are the prime factors of p(-5)?
2, 29
Suppose 2*c + 6*d = d - 1, 0 = 5*c - 4*d - 14. What are the prime factors of (8 - 38)/(c/(-4))?
2, 3, 5
Suppose -44 = 9*v - 11*v. Let f = 2 + v. List the prime factors of f.
2, 3
Suppose -b - 4 - 3 = 0. Let p(q) = 42*q**2 + q + 1. Let k be p(-1). What are the prime factors of 11/6 - b/k?
2
Suppose -13*c + 9*c = 88. Let w = 42 + c. What are the prime factors of w?
2, 5
Suppose -13 = -c + 3*a, 2*c + 4*a + 16 = 4*c. What are the prime factors of (c + (-23)/5)/(3/(-45))?
3, 11
Suppose 6*p + 78*p - 287952 = 0. What are the prime factors of p?
2, 857
Let w(v) be the second derivative of -v**4/12 + 4*v**3/3 - 3*v**2 + 4*v. Let d be w(7). Let r = d + 9. What are the prime factors of r?
2, 5
Suppose 4*v = 5*k + 7917, 5*v - 2*k - 9893 = k. What are the prime factors of v?
2, 23, 43
Let v(j) = -2*j + 41. List the prime factors of v(16).
3
Suppose 2*u - 2 = 2*q, 5*u + 4*q - 14 - 9 = 0. Suppose 2*j + u*a - 23 = 0, -6*a + 25 = 2*j - a. List the prime factors of j.
2, 5
Let y be -1 + 1 + 1200/6. Suppose 4*q + y - 80 = 0. List the prime factors of (-125)/q - 2/12.
2
Let a(m) = m**3 - 3*m**2 + 1. Let f be a(1). List the prime factors of (35/21 + f)/((-2)/(-579)).
193
Let f = -245 + 244. Suppose 0 = t + 2*s - 2, 4*s - 15 = -4*t + 3*s. List the prime factors of f*(-34 + (t - 3)).
3, 11
Let x = 8169 + -5639. List the prime factors of x.
2, 5, 11, 23
Let c(n) = -n**3 - 5*n**2 - 2*n - 4. Let y be c(-5). Suppose i + y = -0*i. What are the prime factors of (-9)/(-12)*i*-4?
2, 3
Let n(s) be the second derivative of -2*s**3/3 - 4*s. Let d be n(-1). Suppose d*j - 2*j = 30. What are the prime factors of j?
3, 5
Let v be 8/(3/((-27)/2)). List the prime factors of 24/v*-19*3.
2, 19
Let g = -37 + 45. Suppose -2*y = -g*y + 234. List the prime factors of y.
3, 13
Let c = 34 - 29. Suppose -4*u + 75 = 5*v, 89 = 5*v + u - 1. Suppose 1 + v = c*p. What are the prime factors of p?
2
Let j be 4*(17/(-4) - -3). Let r = 9 + j. Suppose 2 = -l - 3*t, r*l - 2*t - 2*t - 72 = 0. What are the prime factors of l?
13
Let l = 5 - -7. Let m(g) = g**3 + 9*g**2 + 11*g + 33. Let i be m(-8). Let j = i + l. What are the prime factors of j?
3, 7
Let c(t) = -t**2 + 77*t + 40. What are the prime factors of c(18)?
2, 19, 29
Let l = 38 - -21. Suppose -y + 4*i - 2 + l = 0, 0 = y - 5*i - 54. List the prime factors of y.
3, 23
Suppose 0 = 3*c, -4*y = 2*c + 2*c - 232. Suppose -x - 12 = -y. What are the prime factors of x?
2, 23
Suppose 3*l - 1226 = 4*x, -5*l - x + 6*x = -2045. Suppose 0 = 5*w - 7*w - l. What are the prime factors of (w/10)/(3/(-6))?
41
Suppose 3*m = -c + 19, -37 = -5*m + 2*c - 5*c. Suppose s + x - m = 0, 2*s - 5 = 6*s - x. Suppose s = -2*o - 0*o + 46. What are the prime factors of o?
23
Let y = 2725 - -1044. List the prime factors of y.
3769
Suppose 2702 = -4*b + 18*b. List the prime factors of b.
193
Let r(o) = 2*o**2 - 10*o + 1. Let s be r(14). Let d = 414 - s. What are the prime factors of d?
7, 23
Let t(i) = -23*i + 2. Suppose 4*r - 6 = 3*r. Let c(j) = j**3 - 5*j**2 - 6*j - 1. Let b be c(r). What are the prime factors of t(b)?
5
Suppose 5*u + 4*c = -0*u - 2, -u + c + 5 = 0. Suppose -60 = 7*v - u*v. What are the prime factors of (1 - -3)*(v + 14)?
2
Suppose v = 8*v - 4592. What are the prime factors of v?
2, 41
Let j(f) = 2*f - 3. Let b = 16 - 34. Let p be b/(-4)*(-4)/(-6). List the prime factors of j(p).
3
Suppose 4 = 4*o - 0. Suppose -7 = -3*m - o. Suppose -4*c - m*l + 88 = 0, -5*l + 13 = 3. What are the prime factors of c?
3, 7
Let d(s) = 3*s**3 + 2*s**2 + 51*s - 363. List the prime factors of d(9).
3, 5, 163
Let q = 2328 + -1593. What are the prime factors of q?
3, 5, 7
Let u(b) = -30*b**3 - 2*b**2 + b. Let p be u(1). Let k = p + 63. Suppose -2*i = k - 112. What are the prime factors of i?
2, 5
Let l(x) = x**3 - 10*x**2 + 4*x + 5. Let v = -5 + 14. Let z be l(v). Let c = 66 + z. List the prime factors of c.
2, 13
Suppose -13*n = -71 - 33. List the prime factors of n.
2
Let q(l) = -l**3 + 23*l**2 - 21*l - 20. Let v be q(22). What are the prime factors of (-107)/((-14)/7*1/v)?
107
Let u(b) = 2*b**3 - 16*b**2 + 19*b - 54. What are the prime factors of u(11)?
881
Let l(f) = -f + 9. Let r = -16 - -22. Let c be l(r). Suppose 6 = -c*j + 66. List the prime factors of j.
2, 5
Suppose 386 = -229*g + 231*g. What are the prime factors of g?
193
Let n = 56 - 53. Suppose -2*y = -5*l - 280, -45 - 421 = -n*y - 4*l. List the prime factors of y.
2, 3, 5
Let k(r) = r**3 - r**2 + 3. Let u be k(0). Suppose u*o - w = 5 + 5, 5*o - 3*w = 10. Suppose 4 = o*l - 11. What are the prime factors of l?
3
Let h be (-2)/(-3) - (1288/12)/(-7). List the prime factors of (h + -12)/(-1 - -3).
2
Let v be (0 - (5 - 4) - -78)*1. Let i = v - 43. List the prime factors of i.
2, 17
Suppose 7*r = -r + 80. Suppose -5*u - r = 0, 4*v - 3*u = -0*u + 506. What are the prime factors of v?
5
Suppose 0 = 2*m + m - 426. Let p = -85 + m. What are the prime factors of p?
3, 19
Suppose v - 8*v - 175 = 0